t w(g) = -g**3 - g**2 + 1. Let p(q) = -6*w(q) - y(q). Let j be ((-3)/2)/((-6)/16). Give p(j).
5
Suppose 5*h + 3*u - 10 = 0, h - 2*u = -u + 2. Let b(y) = 5*y**h - 2*y - 3*y - y**3 - 11*y**2. Calculate b(-5).
0
Let y = -15 - -18. Let n(c) = 77 - 77 - y*c. Determine n(-2).
6
Let h(b) = b + 1. Let a(n) = -2*n**2 - 3*n - 6. Let z(r) = a(r) + 5*h(r). Give z(1).
-1
Let w(f) = 2*f**2 - 4*f + 3. Suppose 3*u - 3 = 3. Let v be w(u). Let c(s) = s + 2 - 3*s**2 + s**2 + 2*s. Determine c(v).
-7
Let x(i) = 3*i**2 + 3*i**3 - 2*i**3 + 0*i**3 + 4. Let j be (3 - 1)*12/8. Let s = 0 - j. Give x(s).
4
Let u(g) = g**2 - 7*g + 5. Let v(d) = -d**2 + 3*d + 3. Let s be v(2). Determine u(s).
-5
Let y(f) = -f**3 + 5*f**2 - 4*f + 2. Suppose 5*l + r = -172, -l - 21 = -r + 17. Suppose n + 2*n = -9. Let v be 1/n - l/15. Determine y(v).
6
Let i(o) be the third derivative of -5*o**4/24 + o**3/2 + 6*o**2. What is i(2)?
-7
Let g(l) = -l**2 - 1. Let t(x) = x**3 + 6*x**2 + 4*x + 6. Let j(b) = -6*g(b) - t(b). Let q(a) be the second derivative of j(a). Determine q(1).
-6
Let w(g) be the second derivative of 1/2*g**2 + 0 - 2*g + 1/6*g**3. Let k be (-1 - 5)*(-3)/6. Give w(k).
4
Let r(v) = -v + 13. Let i be r(14). Let g(u) = 4*u - 1. Calculate g(i).
-5
Let j = -9 - -11. Suppose 5*x - 5*y - 10 = 0, j*x - 4*y - 8 = 4*x. Let i(n) = -n**2 + n + 6. Give i(x).
6
Let t(a) = 6*a + 17. Let i(c) = 2*c + 6. Let m(u) = -8*i(u) + 3*t(u). Calculate m(-5).
-7
Suppose -8 = l + x, 4*l = x - 43 - 9. Let m = l - -11. Let d(i) = i**3 + 1. Determine d(m).
0
Let q be (-1 - (1 - 3))*-4. Let g(a) = a**3 + 6*a**2 + 4*a + 4. Let x(w) = -w**2 + w + 1. Let l(m) = g(m) + x(m). Determine l(q).
1
Let t(m) = -m + 10. Let c be 0/2 - -2 - -5. Let u be t(c). Let x(f) = 7*f**3 - 2 + 5*f**2 - 3 - 8*f**u - 4*f. Calculate x(4).
-5
Let m(d) be the first derivative of 4 - 2/3*d**3 + 0*d**2 + d. Give m(1).
-1
Let u be 1*-4 + 2 + 0. Let p(l) = -3*l**2 - 3*l - 2. Let w be p(u). Let q be w/(-5) + (-2)/(-5). Let z(s) = -s - 2. Give z(q).
-4
Let j(t) = -13*t + 13*t + 5*t**2 + 0*t**2 - 1. Suppose 3*o - 2*w = -3, -2*o + 0*w - 7 = -3*w. What is j(o)?
4
Let z(l) = -l**2 + 0*l**2 + 2*l**2 + l + 5. Suppose 0 = n - 3*n + 2*i - 10, 0 = -2*n - 4*i + 20. Let q be n/(2 + -1 - -1). What is z(q)?
5
Let u = -31 - -34. Let a(s) be the second derivative of -1/3*s**3 + 0 + u*s - s**2. Determine a(2).
-6
Let o(i) = -i - 7. Suppose -h = -4*x + 3 + 17, -3*x = -9. What is o(h)?
1
Let w be (-2 - -5)/(6/4). Let l(s) = 4*s**2 - s**w - 4*s**2 + 2 - 4 + 2*s. What is l(3)?
-5
Let q = 86 - 90. Let x(t) = -t - 9. Give x(q).
-5
Suppose -t - 6 = -3*u, -t + 10 = -2*t + 5*u. Suppose -3*y = -2*r - 9, t*y - 3*r - 6 = -2*y. Let s(c) = -c + 1 - 2*c + 2 + c**3 + y*c**2. What is s(-4)?
-1
Let k(q) be the first derivative of -q**6/120 - q**5/20 + q**4/12 - 2*q**3/3 + q**2 - 5. Let z(v) be the second derivative of k(v). Determine z(-4).
4
Let k(n) = -n**2 + 5*n - 5. Let l = -4 + 6. Let f(t) = -3 + 12 + t - l*t. Let m be f(5). What is k(m)?
-1
Let s(k) be the third derivative of k**6/120 + k**5/20 - k**4/6 + 5*k**3/6 - 3*k**2. Determine s(-4).
5
Let v(z) = -z**3 + 4*z**2 + 7*z - 4. Let y = 0 + -4. Let d = y + 11. Suppose 4*w - 13 = d. What is v(w)?
6
Let j(i) be the second derivative of i**3/6 - 9*i**2/2 + 9*i. Determine j(5).
-4
Let t(m) = -m**2 + 4*m - 2. Suppose -4*l + 19 = 7. Calculate t(l).
1
Let k(q) = q**2 + 2*q + 1. Let z(f) = -f - 6. Let a be z(-4). Give k(a).
1
Let y(b) be the first derivative of b**4 + b + 1/2*b**2 - 5 - 1/3*b**3. What is y(-1)?
-5
Let j(p) = -4*p**2 + 2*p. Let c(r) = 5*r**2 - 2*r. Let x(w) = -5*c(w) - 6*j(w). What is x(-4)?
-8
Let u(l) = -5*l + 1. Suppose -2 = -2*j + 4*d, 4*j = 4*d + 3 + 9. Let n(b) = 6*b. Let y(t) = j*u(t) + 4*n(t). What is y(4)?
1
Let s(r) = 1 - 2*r**2 + 4*r**2 - 2*r**2 - 2*r - r**2. Calculate s(-2).
1
Let c(f) be the third derivative of f**6/120 - f**5/15 - f**2. Calculate c(4).
0
Let c = -11 + 7. Let p(d) = d**2 + 3*d - 4. What is p(c)?
0
Let j = -3 - -4. Let l(s) be the second derivative of s**4/4 + s. What is l(j)?
3
Let x(h) be the third derivative of h**5/60 - h**4/3 - 5*h**3/6 - 3*h**2. What is x(9)?
4
Let q(g) = -5*g**2 + 2*g + 1. Let c(v) = -v**2 + 3*v + 3. Let w be c(4). Let y be q(w). Let m = 9 + y. Let p(f) = f**2 - 4*f - 1. Give p(m).
-4
Suppose 2*x - 8 = 2*r, 2*x = r - x + 6. Suppose -3*d - 2*a = -8, -a + 2 = -2*a. Let p(c) = 4 - d + c - 2 + 4. Determine p(r).
-1
Let f(h) = h**2 + 3*h - 5. Suppose 0*a - 4*a = 4*o - 212, -a = -3*o + 151. Suppose -2*t - 2*g - 18 = 0, 4*t + o = 3*g + 8. Let w be (-6)/4 + t/4. Give f(w).
-1
Let t(p) be the third derivative of p**5/60 + p**4/8 + p**3/6 + 6*p**2. Determine t(-3).
1
Let o(g) = 6*g - 2. Suppose -y + 23 = -2*y + 5*s, 0 = -y - 4*s + 22. Suppose 0 = -y*h + h + 2. Calculate o(h).
10
Let c(k) = -k - 5. Let j(l) be the first derivative of -l**2/2 - 5*l - 1. Let f = -2 + 2. Let r be j(f). Give c(r).
0
Let i(k) = k**2 - 5*k - 4. Suppose 0 = f - 2*f. Let j be (f - 3/(-3))*-1. Let d = j - -6. What is i(d)?
-4
Let x(q) be the third derivative of 1/24*q**4 + 0 + 0*q - 4*q**2 - 5/6*q**3. Let y be (-1*0/1)/1. What is x(y)?
-5
Let b(u) be the second derivative of -u**5/120 - 7*u**4/24 - u**3/6 - u. Let n(h) be the second derivative of b(h). What is n(-6)?
-1
Let a(y) = -8*y**2. Let g(l) = 2*l**2 - 1. Let m(z) = -z - 10. Let d be m(-12). Suppose 5*c + 3*o = 4*o - 2, c + 7 = -d*o. Let p be g(c). What is a(p)?
-8
Let m(x) = -3 + 3*x + 2*x**2 - x**2 - 2*x**2. Let b(r) = r**2 - 3*r + 1. Let y be b(4). Suppose 3*j + 3*a = -2 - 4, -y*j + 2*a + 18 = 0. Give m(j).
-1
Let a = -4 - -8. Let w be (-1 + 2)/(a/28). Suppose 2*o + 26 = -5*n, 0 = -4*o + 2*n - w*n - 32. Let i(f) = -f**3 - 4*f**2 - 2*f + 3. What is i(o)?
0
Let n(p) = -2*p**2 - 1. Let m be n(1). Let o(y) = 4*y - 3*y - 3 + 2*y - 4*y**2 + 5*y**2. Determine o(m).
-3
Suppose 5*w - 13 + 53 = -5*a, 5*a + 4*w = -35. Let q(h) = -h**2 - 41*h + 4 - 4 + 40*h. Determine q(a).
-6
Let c be (-50)/13 - 16/104. Let o(i) be the first derivative of -1/3*i**3 - 3*i**2 - 3*i + 1. Give o(c).
5
Let g(w) be the second derivative of -1/12*w**4 - 1/2*w**2 - 1/3*w**3 + 0 + 7/20*w**5 + w. Calculate g(-1).
-7
Let n(w) = 14*w + 7. Let p(f) = 7*f + 3. Let v(o) = 6*n(o) - 13*p(o). What is v(3)?
-18
Suppose 3 = 4*s + 2*p - 3, s + 2*p = 0. Let a(u) = 2 - 4*u + 0*u**2 + s*u**2 - 3*u**2 + 3. Let y be a(-5). Let x(v) = v + 9. Calculate x(y).
9
Let k(w) be the first derivative of w**2/2 + 3*w - 5. Give k(4).
7
Let g(w) = -3 + 26*w - 53*w + 24*w. What is g(-6)?
15
Let x be ((-9)/42 - 8/28)*-4. Let b(v) = -7*v + 2. Give b(x).
-12
Let f(c) = -c**2 + c + 3. Let y(d) = -3*d**2 + 4*d + 9. Let m(g) = 11*f(g) - 4*y(g). Give m(3).
-9
Suppose -5 = -5*d + 5. Let l(p) = -p + 2*p - 12*p**d + 9*p**2. Calculate l(1).
-2
Let l(w) = w - 6. Let s(u) = 2*u - 5. Let z(b) = 5*l(b) - 6*s(b). Let h(r) = r**2 - 4*r - 1. Let j be h(4). Calculate z(j).
7
Suppose -4*y - 10 = 30. Let w = 5 + y. Let r(c) = -c**2 - 4*c + 7. Determine r(w).
2
Let m(i) = -i**3 + 5*i**2 - 2*i - 1. Let t be 23/5 + 30/(-50). What is m(t)?
7
Let b be ((-4)/(-6))/((-2)/3). Let l = b + 3. Suppose 3*r + 22 = -2*a, l*r + 5 - 12 = 3*a. Let h(d) = -d**3 - 4*d**2 + 4*d - 7. Determine h(a).
-2
Let k(u) = -u**3 + 5*u**2 + 8*u - 13. Let x(n) = n**3 - 5*n**2 - 8*n + 12. Let d(w) = -3*k(w) - 4*x(w). Give d(6).
3
Let q = -2 + 4. Let u(n) = 6 - 3*n - 4 - 5*n**2 + 4*n**q. Let p be u(-3). Let t(a) = -a - 1. Give t(p).
-3
Let v(p) be the third derivative of -1/360*p**6 + 0*p + 1/24*p**4 - 1/30*p**5 + 2*p**2 + 0*p**3 + 0. Let r(k) be the second derivative of v(k). Calculate r(-4).
4
Let n(o) be the second derivative of o**5/20 + o**4/2 + o**3/2 - 5*o**2/2 + 20*o. Calculate n(-4).
15
Let k be 2*(-3)/((-9)/24). Let o be 3/(12/k)*-1. Let w(g) = g**3 + 5*g**2 + 4*g. Calculate w(o).
0
Let b be (5 - 7 - 7) + 5. Let c(a) = -a. Determine c(b).
4
Suppose 18 = 3*v - 4*l + 1, 11 = -v - 2*l. Let n(t) = -7*t - 1. Determine n(v).
6
Let h(a) = 2*a - 2. Let v be (-8 - -10)/(2/(-7)). Let q(o) = 5*o - 3. Let d(f) = v*h(f) + 3*q(f). Let r be (-2)/(-1*2) + -1. What is d(r)?
5
Let g(b) = 4*b - 18*b + 11*b. Give g(3).
-9
Let t(j) = 0 - j + 1 - 1. Let l(z) = -z**3 + 5*z**2 + 7*z - 2. Let p be l(6). Let x = 4 - p. Give t(x).
0
Let n(p) = 2*p + 3. Suppose 3 = -y - 0*